= 4 + -4. Suppose s = 3*j + 101, s + 4*j + i*j = 129. Is s prime?
True
Suppose 3*y - 6 = 0, -l - 2*l = y + 31. Let b = -7 - l. Suppose b*m + 0*m - 196 = 0. Is m a composite number?
True
Let g(h) = -519*h + 7. Let z be g(-4). Suppose z = 5*s - i - 488, i + 1029 = 2*s. Is s prime?
False
Suppose -5*u = -4*u - 1633. Is u a prime number?
False
Is (-1)/((-4)/4308) - (0 + -2) a prime number?
False
Let p(b) = b**2 + 8*b + 13. Let s be p(-11). Suppose 0 = x, -x + 5*x - s = -2*g. Is g a composite number?
False
Suppose 2*a = -r + 185, 4*r - 3*a - 773 = -0*a. Is r composite?
False
Let q(o) = 0 + 31*o - 4 + 4 + 5. Is q(6) a composite number?
False
Let k(z) = -2*z + 4*z**2 + 4*z**2 + 1 + 22*z**2 - 7*z**2. Is k(2) a prime number?
True
Let w(a) = 3*a**2 + 4*a - 1. Let j be 160/(-24)*6/(-5). Is w(j) a composite number?
False
Suppose -24139 = -5*s + 12216. Is s a prime number?
False
Suppose -2*x + 602 = 2*i, 5*x = 4*i + i + 1485. Is x composite?
True
Suppose -4*i + 578 = -410. Is i a composite number?
True
Let u = 16 - 11. Is 4/(-10) + 17/u composite?
False
Suppose 0 = -4*l + l + 7797. Is l prime?
False
Suppose 0*t = 3*t. Suppose t + 10 = 2*a. Let z = 24 - a. Is z prime?
True
Let q be 0 + (9 - 2) + -2. Suppose -5*c - 6*l + l - 15 = 0, -q*l = c + 23. Suppose 18 = 4*u - 3*d - 0*d, 0 = -c*u + 5*d + 16. Is u composite?
False
Let a be 6/(-4)*(-36)/(-9). Let g(q) = q**2 + q + 1. Is g(a) composite?
False
Suppose -3*t + 199 = 70. Let v = 75 - t. Let o = v + -18. Is o composite?
True
Suppose 1472 = 8*b + 328. Is b composite?
True
Let q = -361 + 645. Suppose -2*a = -q - 30. Is a prime?
True
Is (-1596)/(-15) - 6/15 composite?
True
Is 11*(4/(-2) - -3) prime?
True
Let y be (-10)/35 - (-4636)/7. Let q = 6 + -3. Suppose -w - y = -q*w. Is w composite?
False
Suppose l - 119 = 68. Is l composite?
True
Let a = -4 - -6. Suppose -y - 6 = 3*x, a*y - 5*x = 6*y + 3. Is y a composite number?
False
Let q be ((-8)/12)/(4/(-18)). Let o = q + 0. Suppose 5*a - 29 = -5*b + 46, -o = -a + 2*b. Is a a composite number?
False
Suppose -t + 655 = 4*t. Suppose -a + 4*p + 39 = 7*p, 5*p + t = 3*a. Suppose -5*y = -a - 143. Is y a prime number?
True
Let y = 2230 + -204. Is y composite?
True
Suppose 0 = -8*t + 6*t - 278. Let c = t - -470. Is c prime?
True
Is (2 + (-1133)/(-2))*2 a prime number?
False
Let i(y) = 3*y**3 - 5*y**2 - 4*y - 7. Is i(5) prime?
True
Suppose -b - 5*v + 139 = 2*b, 4*v = -3*b + 143. Is b prime?
True
Suppose -2*q + 0 = -12. Let n(w) = 2 + w**2 - 4*w - 1 - w. Is n(q) a composite number?
False
Let p = -4 - -11. Let m = -1 - -1. Let f = p - m. Is f a prime number?
True
Suppose -2*m + 4 = -m. Suppose 0*g = -m*g. Suppose g = -5*h + 2*d + 25 + 30, 2*h + 2*d - 36 = 0. Is h composite?
False
Let y be 2/(-9) + (-80)/(-36). Suppose 10 = -5*h + 85. Suppose -y*g + 223 + h = 0. Is g prime?
False
Let v(r) = 7*r**3 + 4*r - 8. Let u(o) = 6*o**3 - o**2 + 4*o - 7. Let p(y) = 4*u(y) - 3*v(y). Let m = -6 - -9. Is p(m) prime?
True
Is (0 - (-12)/(-3)) + 411 a composite number?
True
Let k(y) = -y**3 - 6*y**2 - y + 1. Let q(r) = -r**3 + 6*r**2 + 7*r - 6. Let m be q(7). Is k(m) a prime number?
True
Let r be 12/(-20) + (-36)/(-10). Suppose -3*f = b - 97, -r*b + 15 + 12 = f. Is f prime?
False
Let c be ((-3)/(-6))/((-2)/(-40)). Let i be (c/(-5))/((-4)/98). Let n = -35 + i. Is n a prime number?
False
Suppose 2*q = 3 - 1. Suppose 3*t - q = 8. Suppose t*j = -2*j + 15. Is j a composite number?
False
Let k = 250 - 176. Is k prime?
False
Suppose 595 = -3*u + 4*l, -2*u + 4*u + 3*l = -408. Is 4/6 + u/(-9) prime?
True
Let l = 936 - 1539. Let g = l - -876. Suppose -360 = -3*u + g. Is u composite?
False
Let o = 7 - 5. Suppose o = -4*t + 10. Is (t/3)/(8/636) a prime number?
True
Is (-314)/(2 - (-48)/(-20)) prime?
False
Suppose 0 = -y + 4*t + 24, -3*y - 4*t = -11 - 29. Suppose -4*r + 0*r = -y. Suppose 3*l - 189 = -r*d, 71 = -2*l + 3*l + 4*d. Is l composite?
False
Suppose c - 3 = -1. Suppose -5*d + t + 12 = -c*d, -13 = -2*d - t. Is d/2*(-5 - -9) a prime number?
False
Suppose -3*i + 53 = -k, -3*i + 32 + 11 = k. Let p = i + -2. Is p a composite number?
True
Is 5714/((-11)/(-5) + (-15)/75) a composite number?
False
Let c = -340 - -558. Is c composite?
True
Suppose -7*h + 4*h + 537 = 0. Is h a prime number?
True
Is 9936/5 + (62/(-10) - -6) a prime number?
True
Suppose 151*u - 152*u + 1931 = 0. Is u composite?
False
Suppose 0*y + 5*y + j - 5 = 0, -y = -3*j - 17. Suppose -3*s - 39 = y*c + 12, -2*c = -s + 47. Let t = -11 - c. Is t prime?
True
Suppose -647 = -2*b + 8067. Is b composite?
False
Suppose -22*g + 21006 = -4*g. Is g a prime number?
False
Suppose 0 = 3*i - 15, -2*m = -m + 4*i - 879. Is m a prime number?
True
Let q(n) = 5*n**3 - 2*n**2 - 5*n + 3. Let k(r) = r**2 - 4*r - 1. Let j be k(5). Is q(j) a prime number?
True
Let b = 432 + -229. Is b composite?
True
Let c = -1 + 1. Suppose -z + 97 + 498 = c. Suppose -7*x = -2*x - z. Is x a prime number?
False
Let l(o) = 44*o**2 + o. Let h be l(1). Let j be ((-1)/3)/((-3)/h). Is ((-348)/(-15) + 3)*j prime?
True
Let s = -424 + 1035. Is s prime?
False
Let q be (-8)/(-8 + 4) + -3. Suppose -3*f + 158 = 2*p, -1 = 2*p - 3*p. Is q/(-2) - f/(-8) a prime number?
True
Suppose -4*p + 14 = -t, 2*t = -0*p + p - 7. Let w be (1 + -32)/(2 - p). Suppose y = 34 + w. Is y a composite number?
True
Is -1*2*(-2065)/10 a composite number?
True
Let i be 0*(-2 + 0)/(-4). Suppose 6*u - 5*l = 3*u + 31, i = -5*l - 25. Is (5/(-2))/(u/(-12)) a composite number?
True
Let t(c) = -4 - 4 - 8*c - 5 + 4 - c**3 + 13*c**2. Let l be t(11). Suppose -4*u = 5*o - l, u - 20 = -3*u. Is o a prime number?
False
Let z = 12 + 13. Is z prime?
False
Let w(c) = -3*c**3 - 4*c**2 + 6*c + 8. Is w(-5) composite?
True
Let i(g) = 53*g + 1 - 55*g - 94*g. Let z(x) = -x**2 - 4*x - 1. Let t be z(-4). Is i(t) a composite number?
False
Let i = -1 - -5. Let b be 5/(10/i) - 2. Suppose b = m - 0 - 4. Is m composite?
True
Let g(h) = -3*h**3 - 4*h**2 + 2*h. Let u(w) = 6*w**3 + 8*w**2 - 5*w + 1. Let r(z) = -5*g(z) - 2*u(z). Is r(3) a prime number?
False
Let z(n) = 810*n**2 - n. Let f be z(1). Let d = f + -552. Is d a composite number?
False
Let w(k) = 9*k + 6. Is w(5) a prime number?
False
Let b be ((-10)/(-15))/(2/45). Let r = -11 + b. Is r composite?
True
Suppose -2*k + 0*c = -2*c + 4, -2*k + 21 = 3*c. Suppose 7*n = k*n + 956. Is n composite?
False
Let s(p) = 178*p**2 + 4*p - 3. Is s(1) a prime number?
True
Let g be 3 - (-527 + 0 - 0). Suppose 0*i + g = 5*i. Is i a composite number?
True
Let d = 3 - 0. Suppose 2*i - 5*f = 5*i + 16, 3*f + 6 = -d*i. Suppose 5*y - 230 = -i*t, 0 = -4*y - 0*t + 2*t + 184. Is y a prime number?
False
Let g = 1 - -2. Suppose -5*i - 10 = 0, g*m - 3*i - 12 = m. Suppose -4*h - 3*f = -70, -m*h - f = -5*f - 65. Is h a composite number?
False
Let x(s) = -s**3 - 8*s**2 - 8*s + 3. Let a be x(-12). Suppose 3*f = -120 + a. Is f prime?
False
Let h(j) be the second derivative of -j**3/3 - 5*j**2/2 + 2*j. Let r be h(-5). Suppose 19 = r*w + 4. Is w a composite number?
False
Let z(w) = 2*w**2 - 3. Let t = -2 + -7. Is z(t) prime?
False
Let r(j) = 4*j**2 + 2*j + 1. Let a = 14 + -10. Let m(o) = -o**2 + 5*o - 2. Let p be m(a). Is r(p) composite?
True
Suppose 0 = 4*y - 440 + 44. Suppose 5*v + 4*j = 1043, -j + 109 = v - y. Is v a prime number?
True
Let s = 2 - 4. Let o(g) = -g**3 + 9*g**2 - 5*g - 6. Let r be o(8). Is -267*s*3/r a composite number?
False
Suppose -3*p - n = 2*p - 3846, 0 = -3*p + 3*n + 2304. Is p composite?
False
Let j(y) = -y**2 + 89. Let q(l) = -l - 3. Let h be q(-3). Is j(h) composite?
False
Let f = -2834 - -4231. Is f prime?
False
Let j = 8 - 6. Suppose -m = -j*m - 56. Let b = m - -93. Is b composite?
False
Let u be -5 + (3/3 - 3). Let m = 4 + u. Let q = m + 56. Is q composite?
False
Let g = 36 + -27. Let j(b) = 14*b - 13. Is j(g) a composite number?
False
Let t(f) = f**2 - 9*f - 7. Let y be t(10). Suppose -4*m + 3*a = -m - 93, -y*m + 121 = 4*a. Is m composite?
True
Let z = 12 - 7. Suppose -z*u + 150 = -35. Is u prime?
True
Let f be 1 + 0 + 1/(-1). Suppose f = -0*q + 2*q - 238. Is q composite?
True
Let s(f) = 8*f**2 - 1. Let a be s(1). Suppose -2*h + a*h - 196 = 3*v, 4*h + 3*v - 146 = 0. Let b = h - 3. Is b a prime number?
False
Suppose 3*b - 5*z - 432 = 0, 4*z = -3*b - 120 + 552. Let r = b - 57. Let g = 140 - r. Is g pri